 3*j. Calculate the remainder when 360 is divided by o.
60
Let w(h) = -219*h + 4679. What is the remainder when 628 is divided by w(21)?
68
Let b(g) = g**2 - 4*g - 1. Let p(k) = k**3 + 4*k**2 + 6*k + 14. Let x be p(-3). What is the remainder when 13 is divided by b(x)?
1
Suppose 16*f = 3*a + 13*f - 51, -5*f = -2*a + 43. Suppose a*o - 126 = 7*o. What is the remainder when 48 is divided by o?
12
Suppose -2*p + 4 + 0 = -5*a, 0 = -p - 4*a + 2. Suppose p = j - 8. Calculate the remainder when -1 + (-6)/63 + 2526/63 - 10 is divided by j.
9
Let o(g) = 23*g**2 - g + 1. Suppose -651 + 666 = 5*s. What is the remainder when o(s) is divided by 21?
16
What is the remainder when (-2034)/(-10) - (-2)/(-5) is divided by 1648/4532*(-6)/((-36)/429)?
21
Suppose -59*n + 51800 = 126*n. What is the remainder when n is divided by 149?
131
Suppose -5*v = -2*n - 447, 1001 - 1037 = -4*n. What is the remainder when 973 is divided by v?
43
Suppose -111*q - 74*q = 76*q - 15138. What is the remainder when q is divided by 31?
27
Let u(r) = 12*r - 20*r + 29*r + 7*r + 183. Calculate the remainder when 46 is divided by u(-6).
1
Calculate the remainder when 1783 is divided by 1482/104 + 4/(-16).
5
Calculate the remainder when (84/(-30))/(-3*(-6)/(-1080)) is divided by 35.
28
Suppose -12*o + 180 = -3*o. Let a = o - -15. What is the remainder when a is divided by 10?
5
Let u(y) = y**2 + 3*y - 6. Let i(q) = -28*q**2 + 171*q**3 - 42*q**3 - 40*q**3 - 47*q**3 - 43*q**3 + 100. Calculate the remainder when i(-28) is divided by u(5).
32
Let j(l) = -l + 75. Let p be j(3). Suppose 0 = -4*y - 14*y + p. What is the remainder when y is divided by 2?
0
Let p(q) = 3 + 13*q - 5*q + 7 + 2. Let t be p(-10). What is the remainder when t/((-4)/10 - 0) is divided by 43?
41
Calculate the remainder when 1/64*8 + 2279/8 is divided by 3.
0
Let x(n) = -n**3 - 58*n**2 - 584*n + 91. Let l = -12 + 22. Calculate the remainder when x(-45) is divided by l.
6
Suppose 0 = -128*u + 91*u + 740. Let r(l) = -2*l**3 - 3*l**2 - 2*l - 1. What is the remainder when u is divided by r(-2)?
6
Suppose -r - 5*f = -3*r + 35, 5*r - 30 = f. Suppose z + r*z = 528. What is the remainder when z is divided by 18?
16
Let b(i) = -18*i**3 + 2*i**2 + 5*i + 3. Let v be b(-1). Let t be 18/(-12) - v/4. Let k(r) = -r + 3. Calculate the remainder when k(t) is divided by 6.
3
Let i = -645 + 649. Suppose 518 = -5*d + i*l + 2250, 0 = -l + 2. What is the remainder when d is divided by 13?
10
Let x = 2562 - 409. Calculate the remainder when x is divided by 7.
4
Let i(h) = 278*h - 206. What is the remainder when i(5) is divided by 79?
78
Suppose 499*s = 516*s - 1037. Calculate the remainder when 290 is divided by s.
46
Let f = -7028 + 7068. What is the remainder when 66 is divided by f?
26
Let x(v) = -8*v**3 - 7*v**2 - 554*v - 1099. What is the remainder when (-72 + 1)/(2/(-10)) is divided by x(-2)?
40
Let z(u) = -3*u**2 + 25*u + 9. Suppose 0 = -5*s - g + 46, -2*g - 2*g + 14 = 3*s. Let f be z(s). Let a = 55 + f. Calculate the remainder when 68 is divided by a.
12
Suppose -2*y = -3*z - 524, 0 = -34*y + 32*y - 3*z + 560. Calculate the remainder when y is divided by 54.
1
Let j(b) = 10*b**2 + 144*b + 454. What is the remainder when 7503 is divided by j(-3)?
111
Suppose 3*f + 42427 = -4*f. Calculate the remainder when 3/7 - f/133 is divided by 6.
4
Let a(m) = -9*m**3 + 170*m**2 + 45*m - 23. What is the remainder when a(19) is divided by 227?
17
Let k(o) = -1225 + 3*o + 1225 + o**3 - 6*o**2. Calculate the remainder when k(6) is divided by (-1)/5 - 26/(-5).
3
Let w(l) be the first derivative of -11*l**4/4 - l**3/3 - l**2/2 + 25. Calculate the remainder when w(-1) is divided by 5.
1
Suppose 0 = 5*z - 5*j, -4*z - 6*j + 5*j = -10. Suppose -14 = -3*t - s, 4*s - 8 = -z*t + 2*s. What is the remainder when 19 is divided by t?
4
Let w be (-26)/(-2)*(10 + -9). Suppose -w*o = -16*o + 15. Suppose 2*u - 224 = -t - 3*t, 0 = 2*t + 4*u - 100. Calculate the remainder when t is divided by o.
3
Suppose 3*q + 4*s = q + 72, 0 = 5*q - 3*s - 167. Let k(m) = m**3 + 12*m**2 - 68*m + 30. Calculate the remainder when k(-16) is divided by q.
26
Suppose 3*o = -3*y - 2*o + 367, -2*y = o - 240. Calculate the remainder when y is divided by (335 - 6)/7 + -7.
39
Let b be (-30)/12 - 27/2. Calculate the remainder when 76 is divided by (-5 + 168/b)/(1/(-2)).
14
Suppose -4*j + 3*c = 251, 4*j + 19 + 226 = 5*c. Let n = j - -269. Calculate the remainder when n is divided by 52.
48
Suppose 5*r - 497 = q, 2*q - 3*q - 473 = 3*r. Let c = -472 - q. Calculate the remainder when 135 is divided by c.
5
Suppose -323*k = -284*k - 1131. Calculate the remainder when 166 is divided by k.
21
Let d = 6576 - 6569. What is the remainder when 2939 is divided by d?
6
Let l(p) = -2*p**3 + 27*p**2 + 14*p + 16. Suppose 6*g = -12*g + 504. What is the remainder when g is divided by l(14)?
12
Let k(t) = -23*t - 1457. Calculate the remainder when 573 is divided by k(-71).
45
Suppose 0 = -b + 245 - 223. What is the remainder when 2880 is divided by b?
20
Let l = -12 - -71. Let c = 74 - l. Calculate the remainder when ((-4)/(-6))/((-2)/(-129)) is divided by c.
13
Suppose 4*t - 125 = -9. Suppose -178*r + 159*r + 53 = -61. What is the remainder when t is divided by r?
5
Suppose 4*d + 5*u = -334, 5*d = -4*u + 83 - 505. Let o = d + 107. Calculate the remainder when 60 is divided by o.
18
What is the remainder when 621 is divided by 4/((5*(-27)/90)/(-6))?
13
Suppose 52 = 7*z + 24. Let j be 54/12*(-4)/(-3). Suppose -2*s + 0*s = -j. What is the remainder when z is divided by s?
1
Let s(j) = -j**3 + 14*j**2 - 9*j - 27. Suppose 3*i + 140 = 422. What is the remainder when i is divided by s(13)?
19
Suppose 3234432 - 8573444 = -200*i + 12*i. Calculate the remainder when i is divided by 100.
99
Let z be 35/2*((-40)/(-5))/2. Suppose -z*c - 462 = -77*c. Calculate the remainder when 153 is divided by c.
21
Suppose u = 2*o - 257 - 362, -u = -3*o + 928. Calculate the remainder when o is divided by 83.
60
Let r(k) = -k**3 + 21*k**2 + 20*k + 52. Let i be r(22). Suppose -j - s = -6*j + 64, j - 5*s = i. What is the remainder when 25 is divided by j?
12
Let p(d) be the third derivative of 13*d**4/24 - 55*d**3/6 - 42*d**2. Calculate the remainder when 273 is divided by p(6).
20
Suppose 0 = 4*a - 3*g - 2753, 3*a + 339*g - 2070 = 342*g. Calculate the remainder when a is divided by 151.
79
Suppose 11*p - 72 = 9*p. What is the remainder when -1*(-89 + p/(-6)) is divided by 49?
46
Let w(m) = -6*m**3 + 5*m**2 + m + 6. Let s be w(-2). What is the remainder when 190 is divided by (78/117)/(1/s)?
46
Suppose 2*f - 28 = 4*c, 12 = -5*f - 4*c + 152. What is the remainder when 238 is divided by f?
22
Calculate the remainder when 957 - (140/10 + -30) is divided by 62.
43
Let u = -262 - -385. Suppose 0 = -14*j + 31 + u. What is the remainder when 18 is divided by j?
7
Let n(v) = -128*v + 106*v - 2*v**2 + 7 + 16 + 4*v**2. What is the remainder when 42 is divided by n(11)?
19
Suppose w = 2*h - 1, w + 4*h + 36 - 11 = 0. Let r = 8 + w. What is the remainder when 17 is divided by r*((-68)/20 - (-2)/5)?
2
Let t = 1 - 0. Suppose t = 2*v - 61. Calculate the remainder when v is divided by (-93)/(-496) - (-2730)/(-224) - (1 - 17).
3
Let s = -598 - -1010. What is the remainder when s is divided by (21/(-84) + 15/(-36))*-3 - -21?
21
Let d = 21197 + -16206. Calculate the remainder when d is divided by 122.
111
Let s(v) = 31*v**2 + 7*v - 15. Let o be s(-5). Calculate the remainder when 72 is divided by o/50 + (-6)/(-4).
8
Let j = 40 + 6. Suppose -3*u + 40 = -2*m, -2*u - 4*m = -8 - 8. What is the remainder when j is divided by u?
10
Let c = 28 + -23. Suppose 4*j - c*a + 3 = 34, -5*j = 4*a - 8. Suppose 2*t = -j*u + 70, -t - u + 8 = -24. What is the remainder when t is divided by 8?
5
Suppose 5*h = -12 + 27. Suppose -h*t = -8 - 19. Suppose 5*d - t*d + 260 = 0. What is the remainder when d is divided by 17?
14
Suppose 0 = -4*t - 3*y - 232 + 48, -2*y = -3*t - 138. Let w = -78 - t. Let g = 42 + w. Calculate the remainder when 19 is divided by g.
9
Calculate the remainder when 114 is divided by (45/(-5) - -5)/((-12)/69).
22
Calculate the remainder when -67*(-13 - (6 - 4)) is divided by 250.
5
Let d(h) be the third derivative of 2*h**5/15 - 7*h**4/24 + h**3/2 - 18*h**2. What 